{"id":3,"date":"2023-12-28T11:24:46","date_gmt":"2023-12-28T10:24:46","guid":{"rendered":"https:\/\/ascoria-auto.fr\/?page_id=3"},"modified":"2026-02-25T15:42:53","modified_gmt":"2026-02-25T14:42:53","slug":"conditions-de-vente","status":"publish","type":"page","link":"https:\/\/ascoria-auto.fr\/index.php\/conditions-de-vente\/","title":{"rendered":"Conditions de vente"},"content":{"rendered":"\t\t<div data-elementor-type=\"wp-page\" data-elementor-id=\"3\" class=\"elementor elementor-3\">\n\t\t\t\t<div class=\"elementor-element elementor-element-69502cf e-flex e-con-boxed e-con e-parent\" data-id=\"69502cf\" data-element_type=\"container\">\n\t\t\t\t\t<div class=\"e-con-inner\">\n\t\t\t\t<div class=\"elementor-element elementor-element-2ae8cd7d elementor-widget elementor-widget-text-editor\" data-id=\"2ae8cd7d\" data-element_type=\"widget\" data-widget_type=\"text-editor.default\">\n\t\t\t\t<div class=\"elementor-widget-container\">\n\t\t\t\t\t\t\t\t\t<p>Les pr\u00e9sentes conditions g\u00e9n\u00e9rales ont pour objet de d\u00e9finir les conditions suivant lesquelles un coop\u00e9rateur de acquiert aupr\u00e8s de ASCORIA, un v\u00e9hicule issu de sa flotte de v\u00e9hicules de location. ASCORIA rappelle que ce v\u00e9hicule a d\u00e9j\u00e0 fait l\u2019objet d\u2019utilisation et que le v\u00e9hicule objet de la pr\u00e9sente vente est vendu en l\u2019\u00e9tat, tel d\u00e9crite sur l\u2019annonce et pr\u00e9sent\u00e9e sur les photos. Toute commande emporte adh\u00e9sion plein et enti\u00e8re aux pr\u00e9sentes conditions g\u00e9n\u00e9rales de vente.<\/p>\n<p><strong>II. COMMANDE \u2013 PRISE DE POSSESSION DU VEHICULE<\/strong><\/p>\n<p>Toute commande parvenue \u00e0 ASCORIA est r\u00e9put\u00e9e ferme et d\u00e9finitive, et engage irr\u00e9vocablement son auteur.<\/p>\n<p>Le bon de commande (et les pr\u00e9sentes conditions g\u00e9n\u00e9rales de vente) est \u00e9dit\u00e9 par ASCORIA \u00e0 la demande du coop\u00e9rateur et d\u00fbment compl\u00e9t\u00e9 par celui-ci.<\/p>\n<p>Le coop\u00e9rateur adresse par mail en deux exemplaires \u00e0 : ascoria@ascoria-auto.fr, avant la date de fin de validit\u00e9 de l\u2019offre figurant sur le bon de commande. Le document doit \u00eatre compl\u00e9t\u00e9, sign\u00e9 et paraph\u00e9. Si plusieurs coop\u00e9rateurs souhaitent acqu\u00e9rir le m\u00eame v\u00e9hicule, il sera proc\u00e9d\u00e9 \u00e0 un tirage au sort entre eux.<\/p>\n<p>La vente est parfaite et d\u00e9finitive \u00e0 compter de l\u2019apposition par ASCORIA de la signature de son repr\u00e9sentant sur le bon de commande.<\/p>\n<p>Le coop\u00e9rateur retenu se verra remettre son exemplaire du bon de commande. Ensuite, il devra payer le montant de la voiture par virement bancaire soit sur un compte bancaire de notre soci\u00e9t\u00e9, soit sur le compte du commissaire au compte de notre soci\u00e9t\u00e9.<\/p>\n<p>A compter de la remise des clefs et de la carte grise, les risques aff\u00e9rents au v\u00e9hicule sont transf\u00e9r\u00e9s \u00e0 l\u2019acheteur. Celui-ci s\u2019engage \u00e0 ne pas utiliser le v\u00e9hicule sans avoir pr\u00e9alablement souscrit une police d\u2019assurance garantissant sa responsabilit\u00e9 civile automobile.<\/p>\n<p><strong>III PRIX DE VENTE<\/strong><\/p>\n<p>Le prix de vente du v\u00e9hicule d\u2019occasion objet des pr\u00e9sentes est entendu TTC (Toutes Taxes Comprises) et est garanti jusqu\u2019\u00e0 l\u2019expiration de la p\u00e9riode de validit\u00e9 de l\u2019offre. Le paiement doit exclusivement \u00eatre effectu\u00e9 au moyen d\u2019un virement bancaire. Il est pr\u00e9cis\u00e9 que les frais relatifs \u00e0 l\u2019\u00e9tablissement de la carte grise sont \u00e0 la charge de l\u2019acheteur. Le prix propos\u00e9 est fond\u00e9 sur l\u2019\u00e9tat du v\u00e9hicule, son kilom\u00e9trage et les \u00e9ventuelles alt\u00e9rations mineures engendr\u00e9es par l\u2019utilisation du v\u00e9hicule. L\u2019acheteur renonce donc \u00e0 tout recours fond\u00e9 sur l\u2019\u00e9tat du v\u00e9hicule, autre que ceux pr\u00e9vus dans le cadre des garanties \u00e9voqu\u00e9es ci-dessous.<\/p>\n<p>Toute commande implique l\u2019adh\u00e9sion sans r\u00e9serve aux conditions g\u00e9n\u00e9rales de vente \u2013 V\u00e9hicule d\u2019occasion \u2013 ASCORIA<\/p>\n<p><strong>IV. GARANTIES LEGALES<\/strong><\/p>\n<p>Le coop\u00e9rateur \u2013 acheteur du v\u00e9hicule b\u00e9n\u00e9ficie de la garantie l\u00e9gale de conformit\u00e9 vis\u00e9e aux articles L.211-4 et suivants du Code de la Consommation, et de la garantie des vices r\u00e9dhibitoires des articles 1641 et suivants du Code Civil. Article L.211-4 Code de la Consommation Le vendeur est tenu de livrer un bien conforme au contrat et r\u00e9pond des d\u00e9fauts de conformit\u00e9 existant lors de la d\u00e9livrance. Il r\u00e9pond \u00e9galement des d\u00e9fauts de conformit\u00e9 r\u00e9sultant de l\u2019emballage, des instructions de montage ou de l\u2019installation lorsque celle-ci a \u00e9t\u00e9 mise \u00e0 sa charge par le contrat ou a \u00e9t\u00e9 r\u00e9alis\u00e9e sous sa responsabilit\u00e9.<br \/>Article L.211-5 Code de la Consommation Pour \u00eatre conforme au contrat, le bien doit : 1. Etre propre \u00e0 l\u2019usage habituellement attendu d\u2019un bien semblable et, le cas \u00e9ch\u00e9ant : \u2013 correspondre \u00e0 la description donn\u00e9e par le vendeur et poss\u00e9der les qualit\u00e9s que celui-ci a pr\u00e9sent\u00e9es \u00e0 l\u2019acheteur sous forme d\u2019\u00e9chantillon ou de mod\u00e8le ; \u2013 pr\u00e9senter les qualit\u00e9s qu\u2019un acheteur peut l\u00e9gitimement attendre eu \u00e9gard aux d\u00e9clarations publiques faites par le vendeur, par le producteur ou par son repr\u00e9sentant, notamment dans la publicit\u00e9 ou l\u2019\u00e9tiquetage.<\/p>\n<p>2. Ou pr\u00e9senter les caract\u00e9ristiques d\u00e9finies d\u2019un commun accord par les parties ou \u00eatre propre \u00e0 tout usage sp\u00e9cial recherch\u00e9 par l\u2019acheteur, port\u00e9 \u00e0 la connaissance du vendeur et que ce dernier a accept\u00e9. Article L.211-12 Code de la Consommation L\u2019action r\u00e9sultant du d\u00e9faut de conformit\u00e9 se prescrit par deux ans \u00e0 compter de la d\u00e9livrance du bien. Article 1641 Code Civil Le vendeur est tenu de la garantie \u00e0 raison des d\u00e9fauts cach\u00e9s de la chose vendue qui la rendent impropre \u00e0 l\u2019usage auquel on la destine, ou qui diminuent tellement cet usage que l\u2019acheteur ne l\u2019aurait pas acquise ou n\u2019en aurait donn\u00e9 qu\u2019un moindre prix, s\u2019il les avait connus. Article 1648 Code Civil L\u2019action r\u00e9sultant des vices r\u00e9dhibitoires doit \u00eatre intent\u00e9e par l\u2019acqu\u00e9reur dans un d\u00e9lai de deux ans \u00e0 compter de la d\u00e9couverte du vice.<\/p>\n<p><strong>V. RESERVE DE PROPRIETE<\/strong><\/p>\n<p>ASCORIA conserve la propri\u00e9t\u00e9 du v\u00e9hicule vendu jusqu\u2019au paiement effectif de l\u2019int\u00e9gralit\u00e9 du prix. Le d\u00e9faut de paiement de tout ou partie du prix pourra entra\u00eener la revendication de plein droit du v\u00e9hicule.<\/p>\n<p><strong>VI. TRIBUNAL COMPETENT<\/strong><\/p>\n<p>De convention expresse entre les parties, toutes contestations ou toutes proc\u00e9dures li\u00e9es \u00e0 la formation, \u00e0 l\u2019ex\u00e9cution ou \u00e0 l\u2019interpr\u00e9tation des pr\u00e9sentes conditions g\u00e9n\u00e9rales de vente, rel\u00e8veront du Tribunal comp\u00e9tent dans le ressort de Bretagne (29).<\/p>\n<p>Toute commande implique l\u2019adh\u00e9sion sans r\u00e9serve aux conditions g\u00e9n\u00e9rales de vente \u2013 V\u00e9hicule d\u2019occasion \u2013 ASCORIA<\/p>\n<p><b>ASCORIA<\/b><\/p>\n<p>1 Rue Nobel, 29000 Quimper, France<br \/>+33 2 55 99 46 03 \u2013<\/p>\n<p><a href=\"https:\/\/ascoria-auto.fr\/\">https:\/\/ascoria-auto.fr\/<\/a><\/p>\n<div>TVA Intra: FR65349114496<\/div>\n<div>Num\u00e9ro SIREN: 349114496<\/div>\n<div>Num\u00e9ro SIRET (si\u00e8ge): 34911449600012<\/div>\n<p><!-- \/wp:paragraph --><\/p>\t\t\t\t\t\t\t\t<\/div>\n\t\t\t\t<\/div>\n\t\t\t\t\t<\/div>\n\t\t\t\t<\/div>\n\t\t\t\t<\/div>\n\t\t","protected":false},"excerpt":{"rendered":"<p>Les pr\u00e9sentes conditions g\u00e9n\u00e9rales ont pour objet de d\u00e9finir les conditions suivant lesquelles un coop\u00e9rateur de acquiert aupr\u00e8s de ASCORIA, un v\u00e9hicule issu de sa flotte de v\u00e9hicules de location. ASCORIA rappelle que ce v\u00e9hicule a d\u00e9j\u00e0 fait l\u2019objet d\u2019utilisation et que le v\u00e9hicule objet de la pr\u00e9sente vente est vendu en l\u2019\u00e9tat, tel d\u00e9crite [&hellip;]<\/p>\n","protected":false},"author":1,"featured_media":0,"parent":0,"menu_order":0,"comment_status":"closed","ping_status":"closed","template":"","meta":{"footnotes":""},"class_list":["post-3","page","type-page","status-publish","hentry"],"_links":{"self":[{"href":"https:\/\/ascoria-auto.fr\/index.php\/wp-json\/wp\/v2\/pages\/3","targetHints":{"allow":["GET"]}}],"collection":[{"href":"https:\/\/ascoria-auto.fr\/index.php\/wp-json\/wp\/v2\/pages"}],"about":[{"href":"https:\/\/ascoria-auto.fr\/index.php\/wp-json\/wp\/v2\/types\/page"}],"author":[{"embeddable":true,"href":"https:\/\/ascoria-auto.fr\/index.php\/wp-json\/wp\/v2\/users\/1"}],"replies":[{"embeddable":true,"href":"https:\/\/ascoria-auto.fr\/index.php\/wp-json\/wp\/v2\/comments?post=3"}],"version-history":[{"count":25,"href":"https:\/\/ascoria-auto.fr\/index.php\/wp-json\/wp\/v2\/pages\/3\/revisions"}],"predecessor-version":[{"id":4919,"href":"https:\/\/ascoria-auto.fr\/index.php\/wp-json\/wp\/v2\/pages\/3\/revisions\/4919"}],"wp:attachment":[{"href":"https:\/\/ascoria-auto.fr\/index.php\/wp-json\/wp\/v2\/media?parent=3"}],"curies":[{"name":"wp","href":"https:\/\/api.w.org\/{rel}","templated":true}]}}