{"id":871,"date":"2021-08-03T14:09:37","date_gmt":"2021-08-03T14:09:37","guid":{"rendered":"https:\/\/www.wpdirectorykit.com\/nexproperty\/?page_id=871"},"modified":"2026-02-25T14:41:45","modified_gmt":"2026-02-25T13:41:45","slug":"contact","status":"publish","type":"page","link":"https:\/\/ascoria-auto.fr\/index.php\/contact\/","title":{"rendered":"Contact"},"content":{"rendered":"\t\t<div data-elementor-type=\"wp-page\" data-elementor-id=\"871\" class=\"elementor elementor-871\">\n\t\t\t\t\t\t<section class=\"elementor-section elementor-top-section elementor-element elementor-element-668785a8 elementor-section-boxed elementor-section-height-default elementor-section-height-default\" data-id=\"668785a8\" data-element_type=\"section\" data-settings=\"{&quot;background_background&quot;:&quot;classic&quot;}\">\n\t\t\t\t\t\t<div class=\"elementor-container elementor-column-gap-no\">\n\t\t\t\t\t<div class=\"elementor-column elementor-col-100 elementor-top-column elementor-element elementor-element-4b061a02\" data-id=\"4b061a02\" data-element_type=\"column\">\n\t\t\t<div class=\"elementor-widget-wrap elementor-element-populated\">\n\t\t\t\t\t\t<div class=\"elementor-element elementor-element-2c887263 elementor-widget elementor-widget-heading\" data-id=\"2c887263\" data-element_type=\"widget\" data-widget_type=\"heading.default\">\n\t\t\t\t<div class=\"elementor-widget-container\">\n\t\t\t\t\t<h1 class=\"elementor-heading-title elementor-size-default\">Contact<\/h1>\t\t\t\t<\/div>\n\t\t\t\t<\/div>\n\t\t\t\t\t<\/div>\n\t\t<\/div>\n\t\t\t\t\t<\/div>\n\t\t<\/section>\n\t\t\t\t<section class=\"elementor-section elementor-top-section elementor-element elementor-element-79dca39e elementor-section-boxed elementor-section-height-default elementor-section-height-default\" data-id=\"79dca39e\" data-element_type=\"section\">\n\t\t\t\t\t\t<div class=\"elementor-container elementor-column-gap-no\">\n\t\t\t\t\t<div class=\"elementor-column elementor-col-100 elementor-top-column elementor-element elementor-element-1b0ca861\" data-id=\"1b0ca861\" data-element_type=\"column\">\n\t\t\t<div class=\"elementor-widget-wrap\">\n\t\t\t\t\t\t\t<\/div>\n\t\t<\/div>\n\t\t\t\t\t<\/div>\n\t\t<\/section>\n\t\t\t\t<section class=\"elementor-section elementor-top-section elementor-element elementor-element-1baa15d6 elementor-section-boxed elementor-section-height-default elementor-section-height-default\" data-id=\"1baa15d6\" data-element_type=\"section\">\n\t\t\t\t\t\t<div class=\"elementor-container elementor-column-gap-no\">\n\t\t\t\t\t<div class=\"elementor-column elementor-col-50 elementor-top-column elementor-element elementor-element-7017b866\" data-id=\"7017b866\" data-element_type=\"column\">\n\t\t\t<div class=\"elementor-widget-wrap elementor-element-populated\">\n\t\t\t\t\t\t<div class=\"elementor-element elementor-element-1ff13627 elementor-widget elementor-widget-heading\" data-id=\"1ff13627\" data-element_type=\"widget\" data-widget_type=\"heading.default\">\n\t\t\t\t<div class=\"elementor-widget-container\">\n\t\t\t\t\t<h2 class=\"elementor-heading-title elementor-size-default\">Envoyer un message<\/h2>\t\t\t\t<\/div>\n\t\t\t\t<\/div>\n\t\t\t\t<div class=\"elementor-element elementor-element-27978a5 elementor-button-align-stretch elementor-widget elementor-widget-eli-contact-form\" data-id=\"27978a5\" data-element_type=\"widget\" data-widget_type=\"eli-contact-form.default\">\n\t\t\t\t<div class=\"elementor-widget-container\">\n\t\t\t\t\t\r\n                                                                            <div class=\"widget-elementinvader_addons_for_elementor elementinvader_contact_form contact-form\" id=\"elementinvader_addons_for_elementor_41515173\">\r\n    <div class=\"elementinvader_addons_for_elementor-container\">\r\n        <form class=\"elementinvader_addons_for_elementor_f\" >\r\n            <input type=\"hidden\" name=\"element_id\" value=\"41515173\"\/>\r\n            <input type=\"hidden\" name=\"eli_token\" value=\"URJwewTDekJ5qcGUUPLowUu5vzryFPzw\">\r\n            \r\n            <input type=\"hidden\" id=\"eli_nonce\" name=\"eli_nonce\" value=\"bf2ecf036c\" \/><input type=\"hidden\" name=\"_wp_http_referer\" value=\"\/index.php\/wp-json\/wp\/v2\/pages\/871\" \/>            \r\n            <input type=\"hidden\" name=\"eli_id\" value=\"27978a5\"\/>\r\n            <input type=\"hidden\" name=\"eli_type\" value=\"eli-contact-form\"\/>\r\n                        <input type=\"hidden\" name=\"eli_page_id\" value=\"871\"\/>\r\n                        \r\n            <div class=\"config\" data-url=\"https:\/\/ascoria-auto.fr\/wp-admin\/admin-ajax.php\"><\/div>\r\n                                            <div class=\"elementinvader_addons_for_elementor_f_box_alert\"><\/div>\r\n                        <div class=\"elementinvader_addons_for_elementor_f_container\">\r\n                <div class=\"elementinvader_addons_for_elementor_f_group text elementinvader_addons_for_elementor_f_group_el_368d1a0 \" style=\"\">\r\n                <input     \r\n                name=\"name\" id=\"namename\" type=\"text\" class=\"elementinvader_addons_for_elementor_f_field\" required=\"required\" value=\"\" placeholder=\"Name*\" >\r\n            <\/div><div class=\"elementinvader_addons_for_elementor_f_group email elementinvader_addons_for_elementor_f_group_el_157edd8 \" style=\"\">\r\n                <input     \r\n                name=\"email\" id=\"emailemail\" type=\"email\" class=\"elementinvader_addons_for_elementor_f_field\" required=\"required\" value=\"\" placeholder=\"Email*\" >\r\n            <\/div><div class=\"elementinvader_addons_for_elementor_f_group elementinvader_addons_for_elementor_f_group_el_056f643 \" style=\"\"><textarea name=\"message\" id=\"messagemessage\" rows=\"4\" class=\"elementinvader_addons_for_elementor_f_field\" required=\"required\" placeholder=\"Message*\" ><\/textarea>\r\n        <\/div>                <div class=\"elementinvader_addons_for_elementor_f_group elementinvader_addons_for_elementor_f_group_el_button  justify  \" >\r\n                    <button type=\"submit\" >\r\n                        <span >\r\n                                                            <span >\r\n                                                                                                        <\/span>\r\n                                                                                            <span class=\"elementor-button-text\">Send<\/span>\r\n                                                        <i class=\"fa fa-spinner fa-spin fa-custom-ajax-indicator ajax-indicator-masking \" style=\"display: none;\"><\/i>\r\n                        <\/span>\r\n                    <\/button>\r\n                <\/div>\r\n            <\/div>\r\n            \r\n                    <\/form>\r\n    <\/div>\r\n<\/div>\t\t\t\t<\/div>\n\t\t\t\t<\/div>\n\t\t\t\t\t<\/div>\n\t\t<\/div>\n\t\t\t\t<div class=\"elementor-column elementor-col-50 elementor-top-column elementor-element elementor-element-1d8ac651\" data-id=\"1d8ac651\" data-element_type=\"column\">\n\t\t\t<div class=\"elementor-widget-wrap elementor-element-populated\">\n\t\t\t\t\t\t<div class=\"elementor-element elementor-element-758a8d45 elementor-widget elementor-widget-heading\" data-id=\"758a8d45\" data-element_type=\"widget\" data-widget_type=\"heading.default\">\n\t\t\t\t<div class=\"elementor-widget-container\">\n\t\t\t\t\t<h2 class=\"elementor-heading-title elementor-size-default\">Contact<\/h2>\t\t\t\t<\/div>\n\t\t\t\t<\/div>\n\t\t\t\t<div class=\"elementor-element elementor-element-33e5a9f elementor-icon-list--layout-traditional elementor-list-item-link-full_width elementor-widget elementor-widget-icon-list\" data-id=\"33e5a9f\" data-element_type=\"widget\" data-widget_type=\"icon-list.default\">\n\t\t\t\t<div class=\"elementor-widget-container\">\n\t\t\t\t\t\t\t<ul class=\"elementor-icon-list-items\">\n\t\t\t\t\t\t\t<li class=\"elementor-icon-list-item\">\n\t\t\t\t\t\t\t\t\t\t\t<span class=\"elementor-icon-list-icon\">\n\t\t\t\t\t\t\t<i aria-hidden=\"true\" class=\"fas fa-map-marker-alt\"><\/i>\t\t\t\t\t\t<\/span>\n\t\t\t\t\t\t\t\t\t\t<span class=\"elementor-icon-list-text\"><b style=\"color:#161616;font-weight:600\">Adresse<\/b>: 1 Rue Nobel, 29000 Quimper, France<\/span>\n\t\t\t\t\t\t\t\t\t<\/li>\n\t\t\t\t\t\t\t\t<li class=\"elementor-icon-list-item\">\n\t\t\t\t\t\t\t\t\t\t\t<span class=\"elementor-icon-list-icon\">\n\t\t\t\t\t\t\t<i aria-hidden=\"true\" class=\"far fa-clock\"><\/i>\t\t\t\t\t\t<\/span>\n\t\t\t\t\t\t\t\t\t\t<span class=\"elementor-icon-list-text\"><b style=\"color:#161616;font-weight:600\">Heure d'ouverture<\/b>: Lundi au Samedi : de 8h00 \u00e0 19h00<\/span>\n\t\t\t\t\t\t\t\t\t<\/li>\n\t\t\t\t\t\t\t\t<li class=\"elementor-icon-list-item\">\n\t\t\t\t\t\t\t\t\t\t\t<span class=\"elementor-icon-list-icon\">\n\t\t\t\t\t\t\t<i aria-hidden=\"true\" class=\"fas fa-phone-alt\"><\/i>\t\t\t\t\t\t<\/span>\n\t\t\t\t\t\t\t\t\t\t<span class=\"elementor-icon-list-text\"><b style=\"color:#161616;font-weight:600\">T\u00e9l\u00e9phone<\/b>: 02 55 99 46 03<\/span>\n\t\t\t\t\t\t\t\t\t<\/li>\n\t\t\t\t\t\t\t\t<li class=\"elementor-icon-list-item\">\n\t\t\t\t\t\t\t\t\t\t\t<span class=\"elementor-icon-list-icon\">\n\t\t\t\t\t\t\t<i aria-hidden=\"true\" class=\"far fa-envelope\"><\/i>\t\t\t\t\t\t<\/span>\n\t\t\t\t\t\t\t\t\t\t<span class=\"elementor-icon-list-text\"><b style=\"color:#161616;font-weight:600\">Email<\/b>: <a href=\"mailto:realestate@info.com\" style=\"color:#aa121d\">ascoria@ascoria-auto.fr<\/a><\/span>\n\t\t\t\t\t\t\t\t\t<\/li>\n\t\t\t\t\t\t<\/ul>\n\t\t\t\t\t\t<\/div>\n\t\t\t\t<\/div>\n\t\t\t\t\t<\/div>\n\t\t<\/div>\n\t\t\t\t\t<\/div>\n\t\t<\/section>\n\t\t\t\t<\/div>\n\t\t","protected":false},"excerpt":{"rendered":"<p>Contact Envoyer un message Send Contact Adresse: 1 Rue Nobel, 29000 Quimper, France Heure d&rsquo;ouverture: Lundi au Samedi : de 8h00 \u00e0 19h00 T\u00e9l\u00e9phone: 02 55 99 46 03 Email: ascoria@ascoria-auto.fr<\/p>\n","protected":false},"author":1,"featured_media":0,"parent":0,"menu_order":0,"comment_status":"closed","ping_status":"closed","template":"elementor_canvas","meta":{"footnotes":""},"class_list":["post-871","page","type-page","status-publish","hentry"],"_links":{"self":[{"href":"https:\/\/ascoria-auto.fr\/index.php\/wp-json\/wp\/v2\/pages\/871","targetHints":{"allow":["GET"]}}],"collection":[{"href":"https:\/\/ascoria-auto.fr\/index.php\/wp-json\/wp\/v2\/pages"}],"about":[{"href":"https:\/\/ascoria-auto.fr\/index.php\/wp-json\/wp\/v2\/types\/page"}],"author":[{"embeddable":true,"href":"https:\/\/ascoria-auto.fr\/index.php\/wp-json\/wp\/v2\/users\/1"}],"replies":[{"embeddable":true,"href":"https:\/\/ascoria-auto.fr\/index.php\/wp-json\/wp\/v2\/comments?post=871"}],"version-history":[{"count":61,"href":"https:\/\/ascoria-auto.fr\/index.php\/wp-json\/wp\/v2\/pages\/871\/revisions"}],"predecessor-version":[{"id":4901,"href":"https:\/\/ascoria-auto.fr\/index.php\/wp-json\/wp\/v2\/pages\/871\/revisions\/4901"}],"wp:attachment":[{"href":"https:\/\/ascoria-auto.fr\/index.php\/wp-json\/wp\/v2\/media?parent=871"}],"curies":[{"name":"wp","href":"https:\/\/api.w.org\/{rel}","templated":true}]}}